{"id":20,"date":"2020-11-22T06:19:45","date_gmt":"2020-11-22T06:19:45","guid":{"rendered":"https:\/\/tmcmusic.de\/?page_id=20"},"modified":"2023-11-17T06:55:50","modified_gmt":"2023-11-17T06:55:50","slug":"ueber-chris","status":"publish","type":"page","link":"https:\/\/tmcmusic.de\/?page_id=20","title":{"rendered":"\u00dcber Christian &#8222;Chris&#8220; M\u00fcller"},"content":{"rendered":"\n<div id=\"section-gdb5f31\" class=\"wp-block-gutentor-e6 section-gdb5f31 gutentor-element gutentor-element-image gutentor-enabled-width\"><div class=\"gutentor-element-image-box\"><div class=\"gutentor-image-thumb\"><img decoding=\"async\" class=\"normal-image\" src=\"https:\/\/tmcmusic.de\/wp-content\/uploads\/2020\/12\/2020chrisklavier4kl.png\"\/><\/div><\/div><\/div>\n\n\n\n<p>1971 bin ich in Berlin geboren und in Berlin &#8211; Lichterfelde Ost aufgewachsen. Mein vollst\u00e4ndiger Vorname lautet Christian, werde aber mit Chris gerufen. Gerade in der Veranstaltungsbranche sehr beliebt. Als Kind begann ich auf der WERSI-Orgel meiner Eltern zu spielen und nahm kurze Zeit sp\u00e4ter Musikunterricht an der <a rel=\"noreferrer noopener\" href=\"https:\/\/www.amadeus-musikschule.de\" target=\"_blank\">Musikschule AMADEUS<\/a> in Berlin &#8211; Lichterfelde. 1993 startete ich als Keyboardlehrer an der Musikschule AMADEUS und unterrichtete dort bis 2004. Parallel gab mir Thomas Kie\u00dfling, Inhaber der Musikschule, Unterricht auf dem Klavier. <br>Mit dem Pianisten <a href=\"http:\/\/www.frank-hoengen.de\" target=\"_blank\" rel=\"noreferrer noopener\">Frank H\u00f6ngen<\/a> vertiefte ich mein Klavierspielen und der Musiktheorie von 1998 bis 2005. Auch noch heute nehme ich bei <a rel=\"noreferrer noopener\" href=\"https:\/\/casparpianist.de\" target=\"_blank\">Caspar J\u00f6rns<\/a> Klavierunterricht, denn genug gelernt tut man nie bzw. verbessern kann man sich immer. Privaten Keyboardunterricht mit Musiktheorie gebe ich seit 1995 bis heute.<\/p>\n\n\n\n<div id=\"section-ga18f98\" class=\"wp-block-gutentor-e6 section-ga18f98 gutentor-element gutentor-element-image gutentor-enabled-width\"><div class=\"gutentor-element-image-box\"><div class=\"gutentor-image-thumb\"><img decoding=\"async\" class=\"normal-image\" src=\"https:\/\/tmcmusic.de\/wp-content\/uploads\/2021\/07\/2021christech-flb1.png\"\/><\/div><\/div><\/div>\n\n\n\n<p>Als staatlich gelernter Techniker Fachrichtung Elektrotechnik schloss ich Anfang 2001 meine Ausbildung zum Tonmeister ab. Seitdem betreue ich Musiker*innen, Schauspieler*innen, Zauberer*innen und andere K\u00fcnstler*innen.<\/p>\n\n\n\n<p>Beim Festival-Mediaval organisiere ich seit 2010 das Festival mit und \u00fcbernahm ein Jahr sp\u00e4ter das Management f\u00fcr die \u201eWorkshops\u201c.<\/p>\n\n\n\n<p>Da sich mein Arbeitsumfeld mehr und mehr auch in das Event Management hinein reicht, absolvierte ich erfolgreich die Ausbildung zum Event Manager im Jahr 2015.<\/p>\n\n\n\n<p>Im Jahr 2016 zeichnete sich besonders ab, dass meine Erfahrungen und Professionalit\u00e4t in Theaterproduktionen und Zaubershows bevorzugt genommen werden. Daher spezialisiere ich mich nun haupts\u00e4chlich auf Theater und Zaubershows.<\/p>\n\n\n\n<div id=\"section-g15fec5\" class=\"wp-block-gutentor-e6 section-g15fec5 gutentor-element gutentor-element-image gutentor-enabled-width\"><div class=\"gutentor-element-image-box\"><div class=\"gutentor-image-thumb\"><img decoding=\"async\" class=\"normal-image\" src=\"https:\/\/tmcmusic.de\/wp-content\/uploads\/2023\/11\/2021-11-12show03kl.png\"\/><\/div><\/div><\/div>\n\n\n\n<p>Gerne stelle ich meine vielf\u00e4ltigen Erfahrungen auch Ihnen zur Verf\u00fcgung, damit auch Ihre Veranstaltung zum Erfolg wird.<\/p>\n\n\n\n<p>Mein Motto: Kompetenz, freundlicher Umgang und ein Gesp\u00fcr f\u00fcr die passende Umsetzung Ihrer Vorstellungen und W\u00fcnsche.<\/p>\n\n\n\n<p>Au\u00dferdem \u2026<\/p>\n\n\n\n<ul class=\"wp-block-list\">\n<li><a rel=\"noreferrer noopener\" href=\"https:\/\/www.chrishyde.de\" target=\"_blank\">Zauberkunst<\/a><\/li>\n\n\n\n<li><a href=\"https:\/\/www.chrismusik.de\" data-type=\"page\" target=\"_blank\" rel=\"noreferrer noopener\">Klavier, Keyboard, Orgel, H\u00fcmmelchen (kleiner Dudelsack) &amp; Sch\u00e4ferpfeife<\/a><\/li>\n<\/ul>\n\n\n\n<p>Viele Gr\u00fc\u00dfe<\/p>\n\n\n\n<p>Chris<\/p>\n\n\n\n<p><\/p>\n\n\n\n<p>Mitglied im<\/p>\n\n\n\n<ul class=\"wp-block-list\">\n<li><a rel=\"noreferrer noopener\" href=\"https:\/\/tonmeister.org\" target=\"_blank\">Verband deutscher Tonmeister<\/a><\/li>\n\n\n\n<li><a rel=\"noreferrer noopener\" href=\"https:\/\/www.kulturhaus-spandau.de\/\" target=\"_blank\" class=\"broken_link\">Freunde Kulturhaus Spandau<\/a><\/li>\n\n\n\n<li><a rel=\"noreferrer noopener\" href=\"https:\/\/www.magischer-zirkel-berlin.de\" target=\"_blank\">Magischer Zirkel Berlin<\/a><\/li>\n\n\n\n<li><a rel=\"noreferrer noopener\" href=\"https:\/\/www.mzvd.de\" target=\"_blank\">Magischer Zirkel von Deutschland<\/a><\/li>\n<\/ul>\n","protected":false},"excerpt":{"rendered":"<p>1971 bin ich in Berlin geboren und in Berlin &#8211; Lichterfelde Ost aufgewachsen. Mein vollst\u00e4ndiger Vorname lautet Christian, werde aber mit Chris gerufen. Gerade in der Veranstaltungsbranche sehr beliebt. Als&hellip;<a href=\"https:\/\/tmcmusic.de\/?page_id=20\" class=\"more-link\"><span class=\"more-button\">Continue reading<span class=\"screen-reader-text\">\u00dcber Christian &#8222;Chris&#8220; M\u00fcller<\/span><\/span><\/a><\/p>\n","protected":false},"author":1,"featured_media":0,"parent":0,"menu_order":0,"comment_status":"closed","ping_status":"closed","template":"","meta":{"_price":"","_stock":"","_tribe_ticket_header":"","_tribe_default_ticket_provider":"","_tribe_ticket_capacity":"0","_ticket_start_date":"","_ticket_end_date":"","_tribe_ticket_show_description":"","_tribe_ticket_show_not_going":false,"_tribe_ticket_use_global_stock":"","_tribe_ticket_global_stock_level":"","_global_stock_mode":"","_global_stock_cap":"","_tribe_rsvp_for_event":"","_tribe_ticket_going_count":"","_tribe_ticket_not_going_count":"","_tribe_tickets_list":"[]","_tribe_ticket_has_attendee_info_fields":false,"footnotes":"","_tec_slr_enabled":"","_tec_slr_layout":""},"class_list":["post-20","page","type-page","status-publish","hentry"],"ticketed":false,"_links":{"self":[{"href":"https:\/\/tmcmusic.de\/index.php?rest_route=\/wp\/v2\/pages\/20","targetHints":{"allow":["GET"]}}],"collection":[{"href":"https:\/\/tmcmusic.de\/index.php?rest_route=\/wp\/v2\/pages"}],"about":[{"href":"https:\/\/tmcmusic.de\/index.php?rest_route=\/wp\/v2\/types\/page"}],"author":[{"embeddable":true,"href":"https:\/\/tmcmusic.de\/index.php?rest_route=\/wp\/v2\/users\/1"}],"replies":[{"embeddable":true,"href":"https:\/\/tmcmusic.de\/index.php?rest_route=%2Fwp%2Fv2%2Fcomments&post=20"}],"version-history":[{"count":31,"href":"https:\/\/tmcmusic.de\/index.php?rest_route=\/wp\/v2\/pages\/20\/revisions"}],"predecessor-version":[{"id":332,"href":"https:\/\/tmcmusic.de\/index.php?rest_route=\/wp\/v2\/pages\/20\/revisions\/332"}],"wp:attachment":[{"href":"https:\/\/tmcmusic.de\/index.php?rest_route=%2Fwp%2Fv2%2Fmedia&parent=20"}],"curies":[{"name":"wp","href":"https:\/\/api.w.org\/{rel}","templated":true}]}}