{"id":24,"date":"2020-11-22T06:23:16","date_gmt":"2020-11-22T06:23:16","guid":{"rendered":"https:\/\/tmcmusic.de\/?page_id=24"},"modified":"2024-08-02T04:35:13","modified_gmt":"2024-08-02T04:35:13","slug":"impressum","status":"publish","type":"page","link":"https:\/\/tmcmusic.de\/?page_id=24","title":{"rendered":"Impressum"},"content":{"rendered":"\n<p>Kontaktadresse<br>TMCmusic<br>Christian M\u00fcller<br>Wittekindstra\u00dfe 25<br>12103 Berlin<br>Deutschland<\/p>\n\n\n\n<p>Umsatzsteuer-ID<br>F\u00fcr die EU: DE214046978<\/p>\n\n\n\n<p>Email<br>Email-Adresse: chmueller@tmcmusic.de<\/p>\n\n\n\n<p>Telefon<br>Festnetz: +49 30 &#8211; 474 883 65<br>Mobil: +49 171 689 83 96<\/p>\n\n\n\n<p>Domain<br>www.tmcmusic.de<br>www.chrismusik.de<br>www.chrishyde.de<br>www.chrishyde.eu<br>www.workshops-mediaval.eu<\/p>\n\n\n\n<p>Inhaber<br>Christian M\u00fcller<br>Anschrift wie oben<\/p>\n\n\n\n<p>Streitbeilegung<br>Es gilt das deutsche Recht und der EU. Im Fall eines Streits ist der Gerichtsstand Berlin.<\/p>\n\n\n\n<p>Datenschutz<br>Es gilt das nationale Datenschutzgesetz und die EU-DSGVO (Europ\u00e4ische Datenschutz-Grundverordnung).<\/p>\n\n\n\n<p>Hier geht es zur Datenschutzerkl\u00e4rung \u2026<\/p>\n\n\n\n<p>\u00a9 2000 \u2013 2024. Alle Rechte vorbehalten.<br>Spielleiter \u2022 Theater \u2022 Zaubershow<\/p>\n\n\n\n<p>Fotos\/Bilder\/Grafiken:<br>Wenn nicht anders gekennzeichnet, sind die Fotos, Bilder und Grafiken von Christian M\u00fcller.<\/p>\n\n\n\n<p>Haftung f\u00fcr Inhalte:<br>Die Inhalte meines Webauftritts habe ich mit gr\u00f6\u00dfter Sorgfalt erstellt. F\u00fcr die Richtigkeit, Vollst\u00e4ndigkeit und Aktualit\u00e4t der Inhalte kann ich jedoch keine Gew\u00e4hr \u00fcbernehmen.<br>Als Diensteanbieter bin ich gem\u00e4\u00df \u00a7 7 Abs.1 TMG f\u00fcr eigene Inhalte auf diesen Seiten nach den allgemeinen Gesetzen verantwortlich. Nach \u00a7\u00a7 8 bis 10 TMG bin ich als Dienstanbieter jedoch nicht verpflichtet, \u00fcbermittelte oder gespeicherte fremde Informationen zu \u00fcberwachen oder nach Umst\u00e4nden zu forschen, die auf eine rechtswidrige T\u00e4tigkeit hinweisen. Die Verpflichtung zur Entfernung oder Sperrung der Nutzung von Informationen nach den allgemeinen Gesetzen bleibt hiervon unber\u00fchrt. Eine diesbez\u00fcgliche Haftung ist jedoch erst ab dem Zeitpunkt der Kenntnis einer konkreten Rechtsverletzung m\u00f6glich. Bei Bekanntwerden von entsprechenden Rechtsverletzungen werde ich diese Inhalte umgehend entfernen.<\/p>\n\n\n\n<p>Haftung f\u00fcr Links:<br>Mein Webauftritt enth\u00e4lt Links zu externen Webseiten Dritter, auf deren Inhalte ich keinen Einfluss habe. Deshalb kann ich f\u00fcr diese fremden Inhalte auch keine Gew\u00e4hr \u00fcbernehmen. F\u00fcr die Inhalte ist stets der jeweilige Anbieter oder Betreiber der Seiten verantwortlich. Zum Zeitpunkt der Verlinkung habe ich die Webseiten auf m\u00f6gliche Rechtsverst\u00f6\u00dfe \u00fcberpr\u00fcft. Rechtswidrige Inhalte waren zum Zeitpunkt der Verlinkung nicht erkennbar. Eine permanente inhaltliche Kontrolle der verlinkten Seiten ist jedoch ohne konkrete Anhaltspunkte einer Rechtsverletzung nicht zumutbar. Bei Bekanntwerden von Rechtsverletzungen werde ich derartige Links umgehend entfernen.<\/p>\n\n\n\n<p>Urheberrecht:<br>Die Inhalte und Werke auf diesen Webseiten unterliegen dem deutschen Urheberrecht. Die Vervielf\u00e4ltigung, Bearbeitung, Verbreitung und jede Art der Verwertung au\u00dferhalb der Grenzen des Urheberrechtes bed\u00fcrfen der schriftlichen Zustimmung des jeweiligen Autors oder Erstellers. Downloads und Kopien dieser Wenseiten sind nur f\u00fcr den privaten, nicht kommerziellen Gebrauch gestattet. Soweit die Inhalte auf diesen Webseiten nicht vom Betreiber erstellt wurden, werden die Urheberrechte Dritter beachtet. Insbesondere werden Inhalte Dritter als solche gekennzeichnet. Sollten Sie trotzdem auf eine Urheberrechtsverletzung aufmerksam werden, bitte ich um einen entsprechenden Hinweis. Bei Bekanntwerden von Rechtsverletzungen werde ich derartige Inhalte umgehend entfernen.<\/p>\n","protected":false},"excerpt":{"rendered":"<p>KontaktadresseTMCmusicChristian M\u00fcllerWittekindstra\u00dfe 2512103 BerlinDeutschland Umsatzsteuer-IDF\u00fcr die EU: DE214046978 EmailEmail-Adresse: chmueller@tmcmusic.de TelefonFestnetz: +49 30 &#8211; 474 883 65Mobil: +49 171 689 83 96 Domainwww.tmcmusic.dewww.chrismusik.dewww.chrishyde.dewww.chrishyde.euwww.workshops-mediaval.eu InhaberChristian M\u00fcllerAnschrift wie oben StreitbeilegungEs gilt das&hellip;<a href=\"https:\/\/tmcmusic.de\/?page_id=24\" class=\"more-link\"><span class=\"more-button\">Continue reading<span class=\"screen-reader-text\">Impressum<\/span><\/span><\/a><\/p>\n","protected":false},"author":1,"featured_media":0,"parent":0,"menu_order":0,"comment_status":"closed","ping_status":"closed","template":"","meta":{"_price":"","_stock":"","_tribe_ticket_header":"","_tribe_default_ticket_provider":"","_tribe_ticket_capacity":"0","_ticket_start_date":"","_ticket_end_date":"","_tribe_ticket_show_description":"","_tribe_ticket_show_not_going":false,"_tribe_ticket_use_global_stock":"","_tribe_ticket_global_stock_level":"","_global_stock_mode":"","_global_stock_cap":"","_tribe_rsvp_for_event":"","_tribe_ticket_going_count":"","_tribe_ticket_not_going_count":"","_tribe_tickets_list":"[]","_tribe_ticket_has_attendee_info_fields":false,"footnotes":"","_tec_slr_enabled":"","_tec_slr_layout":""},"class_list":["post-24","page","type-page","status-publish","hentry"],"ticketed":false,"_links":{"self":[{"href":"https:\/\/tmcmusic.de\/index.php?rest_route=\/wp\/v2\/pages\/24","targetHints":{"allow":["GET"]}}],"collection":[{"href":"https:\/\/tmcmusic.de\/index.php?rest_route=\/wp\/v2\/pages"}],"about":[{"href":"https:\/\/tmcmusic.de\/index.php?rest_route=\/wp\/v2\/types\/page"}],"author":[{"embeddable":true,"href":"https:\/\/tmcmusic.de\/index.php?rest_route=\/wp\/v2\/users\/1"}],"replies":[{"embeddable":true,"href":"https:\/\/tmcmusic.de\/index.php?rest_route=%2Fwp%2Fv2%2Fcomments&post=24"}],"version-history":[{"count":6,"href":"https:\/\/tmcmusic.de\/index.php?rest_route=\/wp\/v2\/pages\/24\/revisions"}],"predecessor-version":[{"id":335,"href":"https:\/\/tmcmusic.de\/index.php?rest_route=\/wp\/v2\/pages\/24\/revisions\/335"}],"wp:attachment":[{"href":"https:\/\/tmcmusic.de\/index.php?rest_route=%2Fwp%2Fv2%2Fmedia&parent=24"}],"curies":[{"name":"wp","href":"https:\/\/api.w.org\/{rel}","templated":true}]}}