{"id":54,"date":"2020-11-22T10:31:18","date_gmt":"2020-11-22T10:31:18","guid":{"rendered":"https:\/\/tmcmusic.de\/?page_id=54"},"modified":"2025-05-06T05:45:10","modified_gmt":"2025-05-06T05:45:10","slug":"spielleitung","status":"publish","type":"page","link":"https:\/\/tmcmusic.de\/?page_id=54","title":{"rendered":"Spielleitung"},"content":{"rendered":"\n<p>Ein weiterer Arbeitsbereich von mir ist die Spielleitung, oft als Abendspielleiter. Die Aufgabe eines Spielleiters sind je nach Veranstaltung und Auftrag unterschiedlich.<\/p>\n\n\n\n<div id=\"section-ga3bca5\" class=\"wp-block-gutentor-e6 section-ga3bca5 gutentor-element gutentor-element-image gutentor-enabled-width\"><div class=\"gutentor-element-image-box\"><div class=\"gutentor-image-thumb\"><img decoding=\"async\" class=\"normal-image\" src=\"https:\/\/tmcmusic.de\/wp-content\/uploads\/2020\/11\/spielleiter2.jpeg\"\/><\/div><\/div><\/div>\n\n\n\n<p>Die Aufgaben eines Spielleiters beinhaltet unter anderem:<\/p>\n\n\n\n<ul class=\"wp-block-list\">\n<li>Regiearbeit bei Veranstaltungen und Projekten.<\/li>\n\n\n\n<li>Als Moderator bei Veranstaltungen. Die Aufgabe des Moderators, die vorbereiteten Spielauff\u00fchrungen anzuk\u00fcndigen, zu verkn\u00fcpfen, zu erl\u00e4utern und zu diskutieren.<\/li>\n\n\n\n<li>Organisation und k\u00fcnstlerische Durchf\u00fchrung erforderlichen Veranstaltungselementen und -Materialien.<\/li>\n\n\n\n<li>Sorge zu tragen, dass die Veranstaltung st\u00f6rungsfrei abl\u00e4uft.<\/li>\n\n\n\n<li>G\u00e4ste\/Publikum\/K\u00fcnstler f\u00fcr Fragen bereitzustehen und sie zu informieren.<\/li>\n\n\n\n<li>Personelle Organisation und deren Anleitung.<\/li>\n\n\n\n<li>Ein- und Auslassgeschehen<\/li>\n<\/ul>\n\n\n\n<p>Die Spielleiterarbeit variiert je nach Veranstaltungsart.<\/p>\n\n\n\n<p>Sie m\u00f6chten eine erfolgreiche Veranstaltung professionell geleitet bekommen, dann rufen Sie mich an.<\/p>\n\n\n\n<p>Mobil: 0171 689 83 96<br>Festnetz: 030 \u2013 474 883 65<br>E-Mail: <a href=\"mailto:chmueller@tmcmusic.de\">chmueller@tmcmusic.de<\/a><\/p>\n\n\n\n<div id=\"section-gc0401b\" class=\"wp-block-gutentor-e6 section-gc0401b gutentor-element gutentor-element-image\"><div class=\"gutentor-element-image-box\"><div class=\"gutentor-image-thumb\"><img decoding=\"async\" class=\"normal-image\" src=\"https:\/\/tmcmusic.de\/wp-content\/uploads\/2020\/11\/spielleiter1-300x300.png\"\/><\/div><\/div><\/div>\n","protected":false},"excerpt":{"rendered":"<p>Ein weiterer Arbeitsbereich von mir ist die Spielleitung, oft als Abendspielleiter. Die Aufgabe eines Spielleiters sind je nach Veranstaltung und Auftrag unterschiedlich. Die Aufgaben eines Spielleiters beinhaltet unter anderem: Die&hellip;<a href=\"https:\/\/tmcmusic.de\/?page_id=54\" class=\"more-link\"><span class=\"more-button\">Continue reading<span class=\"screen-reader-text\">Spielleitung<\/span><\/span><\/a><\/p>\n","protected":false},"author":1,"featured_media":0,"parent":0,"menu_order":0,"comment_status":"closed","ping_status":"closed","template":"","meta":{"_price":"","_stock":"","_tribe_ticket_header":"","_tribe_default_ticket_provider":"","_tribe_ticket_capacity":"0","_ticket_start_date":"","_ticket_end_date":"","_tribe_ticket_show_description":"","_tribe_ticket_show_not_going":false,"_tribe_ticket_use_global_stock":"","_tribe_ticket_global_stock_level":"","_global_stock_mode":"","_global_stock_cap":"","_tribe_rsvp_for_event":"","_tribe_ticket_going_count":"","_tribe_ticket_not_going_count":"","_tribe_tickets_list":"[]","_tribe_ticket_has_attendee_info_fields":false,"footnotes":"","_tec_slr_enabled":"","_tec_slr_layout":""},"class_list":["post-54","page","type-page","status-publish","hentry"],"ticketed":false,"_links":{"self":[{"href":"https:\/\/tmcmusic.de\/index.php?rest_route=\/wp\/v2\/pages\/54","targetHints":{"allow":["GET"]}}],"collection":[{"href":"https:\/\/tmcmusic.de\/index.php?rest_route=\/wp\/v2\/pages"}],"about":[{"href":"https:\/\/tmcmusic.de\/index.php?rest_route=\/wp\/v2\/types\/page"}],"author":[{"embeddable":true,"href":"https:\/\/tmcmusic.de\/index.php?rest_route=\/wp\/v2\/users\/1"}],"replies":[{"embeddable":true,"href":"https:\/\/tmcmusic.de\/index.php?rest_route=%2Fwp%2Fv2%2Fcomments&post=54"}],"version-history":[{"count":7,"href":"https:\/\/tmcmusic.de\/index.php?rest_route=\/wp\/v2\/pages\/54\/revisions"}],"predecessor-version":[{"id":348,"href":"https:\/\/tmcmusic.de\/index.php?rest_route=\/wp\/v2\/pages\/54\/revisions\/348"}],"wp:attachment":[{"href":"https:\/\/tmcmusic.de\/index.php?rest_route=%2Fwp%2Fv2%2Fmedia&parent=54"}],"curies":[{"name":"wp","href":"https:\/\/api.w.org\/{rel}","templated":true}]}}